tens digit of 354/15*((-2 - -1) + 66)?
3
Let d(f) = 46*f**2 + 40*f - 59. What is the tens digit of d(-8)?
6
Suppose 0*v + 2*v + 10 = -4*m, 15 = 4*v + m. Suppose -2*j + 120 - 16 = 3*i, 0 = 4*i - v*j - 131. Let q = -20 + i. What is the tens digit of q?
1
Let g = -6513 - -11072. What is the units digit of g?
9
Let m be (-19)/(-3) - (-20)/(-15). Suppose 38 = 2*t - 4*p + 12, m*t + 4*p - 51 = 0. What is the units digit of t?
1
Suppose -32 = -6*f - 32. Suppose 4*p - 6 - 26 = f. What is the units digit of p?
8
Let k(l) be the first derivative of l**4/4 + 11*l**3/3 - 3*l**2/2 + 27*l - 5. What is the units digit of k(-11)?
0
Suppose -4*h + 4062 + 8078 = 4*r, -2*h - 6086 = -2*r. What is the hundreds digit of r?
0
Let x = 1900 + -808. What is the units digit of x?
2
Suppose -2*r - 4354 - 1826 = 0. What is the tens digit of (-2)/((-16)/(-6)) - r/24?
2
Let t = 1 + 10. Suppose n + 0*d + 3*d = -t, 3*n + 33 = 3*d. Let y = -8 - n. What is the units digit of y?
3
Suppose -2 = -m + 5. Suppose m*r - 212 = 3*r. Suppose 0 = 5*k - r + 8. What is the units digit of k?
9
Suppose 69 = -4*g + 7*g + 4*a, -g = 4*a - 23. What is the tens digit of g?
2
Suppose -2*b + 56 + 306 = 0. What is the units digit of b?
1
Let n = 19 - 19. Suppose r = -n*r. Suppose -2*o + 4*q + 22 = r, -2*o = -6*o + 2*q + 32. What is the units digit of o?
7
What is the units digit of -2 + 981 + (5 - (-5)/(-5))?
3
Let o = -46 + 458. What is the hundreds digit of o?
4
Let s(u) = -12*u - 63. Suppose -4*i - 2*m + 0*m = 26, 0 = -i + m - 8. What is the tens digit of s(i)?
2
Let o be (0 - 0)/(2/(-1)). Suppose o*k - 2 = -k. Suppose 5*z - k*f - 57 = 12, f = -2. What is the units digit of z?
3
Let a(q) be the third derivative of -q**4/8 - 8*q**3/3 - 25*q**2. What is the units digit of a(-21)?
7
Let p = 5 - 1. Suppose -2 = p*z - 6. What is the units digit of z?
1
Let a = -626 + 908. What is the tens digit of a?
8
Let p(y) = -2*y**2 + 4*y - 2. Let i be p(2). What is the tens digit of i/(-4) - (-75)/6?
1
Let z be 4 - (15/(-3) - 5). Let l = 18 - z. What is the units digit of l?
4
Let o = 42 + -75. Let p = o + 74. What is the tens digit of p?
4
Suppose -c = 2*t - 4811, 172 + 2206 = t - 5*c. What is the tens digit of t?
0
Let l(j) = 11*j**2 - 13*j - 31. What is the hundreds digit of l(-4)?
1
Suppose 4*b - t = 5*b - 76, 2*t = -b + 71. What is the tens digit of b?
8
Let n = -3 + 18. Suppose -225 - n = -5*j. What is the units digit of j?
8
Suppose 0*d - 2*d - 70 = -2*i, i - 2*d = 39. Suppose -n - 3 + 7 = 0. Suppose n*f - i = -s, -3*s + 6*s = -3*f + 84. What is the tens digit of s?
2
Let q(o) be the third derivative of o**4/8 + 5*o**3/6 - 7*o**2. Let j be q(2). Suppose 5*a - j = 64. What is the units digit of a?
5
Suppose 31 = 3*l - 5*j - 190, 395 = 5*l - 3*j. Let s = 198 - l. What is the hundreds digit of s?
1
Let b = -51 + 54. What is the tens digit of (-2 - 16/(-12)) + 248/b?
8
Suppose -m = -5*l + 4677, -871 = -l - 2*m + 71. Let x be l/91 + (-2)/7. Let w = 4 + x. What is the units digit of w?
4
What is the units digit of -8*(1014/(-9) - 20/15)?
2
Suppose 6*a - 549 - 51 = 0. What is the tens digit of a?
0
Let x(n) = -20*n**2 + 19*n - 21. Let l(s) = s**3 - s**2 - 1. Let c(j) = l(j) - x(j). Let w be c(-20). Suppose w = -8*k + k + 581. What is the units digit of k?
3
Suppose 0 = 4*z - z + 9. Let w = z + 6. What is the units digit of 100/8 - w/6?
2
Let p(t) = t**3 + 6*t**2 - 8*t - 8. Let k be p(-5). Let z = -4 - -29. Let r = k - z. What is the tens digit of r?
3
Let w = 32 - 25. Suppose v - 76 = -w. What is the units digit of v?
9
What is the tens digit of (9/36)/((-7)/(-41916))?
9
Let h = 1345 - -817. What is the units digit of h?
2
Suppose 13*d = 10052 + 4534. What is the units digit of d?
2
Let f(y) = y + 13. Let s be f(-9). Suppose 2*r = 6*r - s. What is the units digit of (r - -1)*(-3)/(-6)?
1
Let y(f) be the third derivative of -f**5/60 + f**4/12 + 67*f**3/6 - 18*f**2. What is the tens digit of y(0)?
6
Let t = -4543 - -6443. What is the tens digit of t?
0
Let z = 567 - -1883. What is the thousands digit of z?
2
Let p(f) = -3*f**2 - 11*f**3 - 6*f**3 - 5*f**3 + f + 1 - 2*f. Let k = 8 + -9. What is the units digit of p(k)?
1
Let a = -4 + 0. Let g be (1 + 3)/a*-3. Suppose g*c = 7*c + 3*u - 76, 2*c = -5*u + 38. What is the units digit of c?
9
Let w(k) = -4*k - 6. Let b be w(-2). Suppose b*t - 94 = -r, 0 = t - 2*t + 4. What is the units digit of r?
6
What is the hundreds digit of ((-6)/33)/(3/(-8283))?
5
Suppose -3*b - 2*b = 5. Let f be ((-52)/8)/b*-2. Let g = -3 - f. What is the tens digit of g?
1
Suppose 4*u - 6*u + 4 = 0. Let r(m) = 0*m + 5*m + 7 - u*m. What is the units digit of r(7)?
8
Suppose c = -0*c + 5, -4*g = 2*c - 11458. What is the hundreds digit of g?
8
What is the tens digit of (-4905)/(-30) - (9/(-2) - -6)?
6
Let i(k) = 30*k**2 - k - 7. Let f(b) = -29*b**2 + 7. Let n(h) = -4*f(h) - 3*i(h). What is the units digit of n(2)?
3
Let y = -103 + -21. Let q = y + 190. What is the tens digit of q?
6
Let p(x) = 3*x**2 + 4*x - 2. Let r(s) = 13 - 3*s**2 - 14 + 2*s**2. Let i(y) = p(y) - 3*r(y). What is the tens digit of i(-3)?
4
Let b(q) be the first derivative of -q**3/3 - 13*q**2/2 + q - 4. Let l be b(-11). Suppose v = 2*v - l. What is the units digit of v?
3
What is the thousands digit of -4 + -5 + 1145 + -7?
1
Suppose -3*t = 5*l - 24, l + 9 = 7*t - 3*t. Suppose 4*a = -12, 129 = l*c + a - 5*a. What is the tens digit of c?
3
Let h = -497 - -548. Let z(k) = 4*k. Let w be z(-6). Let d = h + w. What is the tens digit of d?
2
Let m(g) = -16*g - 44. Let t be m(-3). Let j be (-29)/((2/(-3))/2). Suppose 2*d = t*i - 106, j = 5*i - 2*i - 3*d. What is the tens digit of i?
2
Suppose -2*g - 132 = -5*b, -4*b + b = 2*g + 100. Suppose -o = 4*j + 95 + 12, -j - 23 = 4*o. Let l = j - g. What is the tens digit of l?
2
Suppose -23*h + 26*h - 3*j = 8547, 0 = -h + 2*j + 2845. What is the hundreds digit of h?
8
Suppose 2*v = 6*v - 3520. What is the hundreds digit of v?
8
Suppose -21 = 3*s + 4*s. Let r(u) = 11*u**3 - u**2 + 5*u + 1. Let q be r(s). What is the tens digit of ((-12)/(-30))/((-2)/q)?
6
Suppose 6947 - 340 = 3*b - 5*i, -4*b - 5*i = -8751. What is the thousands digit of b?
2
Let f = 274 + -188. Suppose -5*m + n + 37 + f = 0, 81 = 4*m + 5*n. What is the units digit of m?
4
Suppose 2*f - 4 = f. Suppose s + f = 2*s. Suppose s*c - 6*c = -60. What is the tens digit of c?
3
What is the hundreds digit of (-2171)/(-5) + (-49)/245?
4
Let z = 3951 + -1940. What is the tens digit of z?
1
Suppose 1 = -2*o - 11. Let x(t) = -t**3 - 5*t**2 + 5*t - 3. Let q be x(o). Suppose -2*k - 5*z + 98 = 0, 6*k - k = -q*z + 226. What is the units digit of k?
4
What is the units digit of (-12)/(-72) - 141/(-18)?
8
Let z = 49 + -46. Suppose -124 + 2 = -4*d - 2*h, z*d + 2*h - 94 = 0. What is the units digit of d?
8
Let h(v) = 9*v**3 + v**2 + 4*v + 3. Let b be h(-2). Let z = 136 + b. What is the tens digit of z?
6
Suppose 0 = 5*o + 25, 0*a - 10 = 5*a + 5*o. Suppose 0 = -3*z + a*h + 2*h + 9, -9 = 3*h. What is the units digit of 13 + z + 4 + 2?
7
Suppose 2*k - s = 3*k, -k + 30 = -5*s. Suppose -3*h + t + 514 = -3*t, k*h = t + 851. What is the tens digit of h?
7
Let c be (-2 + 13/5)*5. Suppose 2*h + c = h. What is the tens digit of (-210)/(-18) - 1/h?
1
Let a(q) = q**3 + 10*q**2 - 13*q + 21. What is the units digit of a(11)?
9
Suppose 2*a = 6*a + 16. Let r be (-3)/(9/6 - 0). What is the tens digit of 0/(a/r) - -20?
2
Let p(r) be the first derivative of -25/2*r**2 - 8 - 4*r. What is the units digit of p(-2)?
6
Suppose -22 = -2*q + 4*g, 4*g = -11 - 9. Let s(n) = 5*n**2 + 68*n**2 - 3*n**2 - 29*n**2 + 2*n. What is the units digit of s(q)?
3
Suppose -4*q + 2*c - 2 = 0, q - 2*c = 4*q - 2. Suppose 4*l = -3*y - 159, -3*y + 0*y + l - 174 = q. What is the units digit of (6/(-9))/(1/y)?
8
Let h be ((-4)/2)/((-6)/9). Let n be -3 + -2*(h + -1). What is the tens digit of (18/n)/((-3)/21)?
1
Let s(k) = -k - 1. Let f be s(5). Let i(d) = 2*d**2 - 5*d + 8. Let p(g) = -5*g**2 + 10*g - 17. Let x(v) = -7*i(v) - 3*p(v). What is the units digit of x(f)?
1
Let i = -4956 - -8455. What is the thousands digit of i?
3
Let z(v) = -6*v**3 - 11*v**2 + 2*v + 7. Let d(p) = -13*p**3 - 22*p**2 + 3*p + 14. Let q(j) = -4*d(j) + 9*z(j). What is the tens digit of q(-8)?
7
Let o = 143 - 101. Suppose -4*h